 - 6
-3
What is -2 - 0 - (3 - 9)?
4
Calculate 5 + (4 - (1 + 5 + -4)).
7
Calculate 0 - (18 + -9 + -11).
2
Calculate -2 + -7 + 5 + 0.
-4
What is 0 - (-2 + 4 + -2)?
0
What is -4 - ((2 - (9 - 2)) + -1)?
2
What is -4 + (-8 + 17 - 1)?
4
Calculate 8 - (1 + -2 - -2).
7
What is the value of 4 + 17 + 11 + -22?
10
Calculate -19 - (19 + -10 + -20).
-8
Calculate -7 + 6 + (-3 - -2).
-2
Calculate 7 - (6 - 6 - -6).
1
Calculate 1 + 6 + (12 - 11 - 15).
-7
What is the value of 34 + -23 - (3 - -5 - 2)?
5
Evaluate -1 + -4 - -8 - -2.
5
1 + (-7 - -12) - 8
-2
What is the value of -2 + (-3 - -5 - 5)?
-5
What is (4 - (-2 - -4)) + 3 + 0?
5
What is the value of -1 + -4 + (3 - 13) + 10?
-5
-1 + 3 + 1 + 3 + -2
4
Calculate 2 + (-1 - ((-4 - -2) + 0)).
3
What is 3 + (3 - 6) + (17 - 14)?
3
What is 2 + 2 + 104 + -102?
6
What is the value of 3 + -2 + -4 + 1 + 2?
0
What is the value of -3 - -6 - (7 + -15 + 3)?
8
-7 + 6 + 7 + (1 - 0)
7
What is (-4 + 9 - -7) + -6?
6
Evaluate 9 - (-2 + 8 + (-2 - 1)).
6
What is -10 + 14 + (-2 - -1) + -5?
-2
What is the value of 3 + 10 + -10 - -1?
4
-4 + 6 + -7 + 5
0
Evaluate (5 - 1) + (14 - 17).
1
What is the value of -3 - (-2 + 1 - 6) - 1?
3
Evaluate (-2 - (-4 + 4)) + -3.
-5
-99 - -98 - (-5 + (-1 - -1))
4
What is the value of -2 + (4 + -6 - (2 + -2))?
-4
What is the value of -9 + -3 + 25 - (1 - -2)?
10
What is (8 + -7 - -4) + -11?
-6
9 + 1 + -4 + -4 + 3
5
-2 - -1 - (-5 + 2)
2
0 + (-9 + 6 - -2)
-1
-3 - (-8 - -2) - -2
5
What is the value of 4 + -2 + -3 - 3 - -2?
-2
What is the value of (14 - (6 - -1)) + -4?
3
What is 1 + -7 + (-7 - -10) + 0?
-3
4 + -21 + 5 + 13
1
What is the value of 0 + (4 - 9) + (-2 - -4)?
-3
What is the value of 4 + 1 - 12 - -1 - -6?
0
What is 5 - (3 - 1) - (2 - 1)?
2
Calculate 2 + -9 + (-4 - -9).
-2
Evaluate -4 + (8 - (1 + 1)).
2
What is 1 + (-2 - -1) - (4 + -5)?
1
Calculate 4 - (-8 - -16 - 4).
0
Calculate (1 + 0 - -4) + -34 + 34.
5
What is 7 - ((1 - (-11 - -5)) + -5)?
5
What is (-5 - (2 + -3)) + (-12 - -12)?
-4
-1 + 0 - (-194 + 186)
7
What is (-3 - -3) + 1 + (-4 - -5)?
2
5 - -3 - (11 - 4)
1
Calculate -1 + (6 - (8 - 3)).
0
What is the value of 5 - (-1 - -20 - (-43 - -51))?
-6
What is the value of (9 - 6 - 1) + -4?
-2
Evaluate -1 + (0 + (-2 - -3) - -2).
2
What is the value of 0 + -3 + 1 + -3?
-5
Calculate -1 + 4 + 6 + -7 + 0.
2
Calculate 5 + -7 + -1 + -1.
-4
What is the value of 0 - 1 - (-18 + 11 + 1)?
5
Calculate -3 + 6 - 8 - -8.
3
Evaluate 3 + (-1 - 4) + -1.
-3
7 - (1 + -2 - (2 - 8))
2
Evaluate -4 - (-3 + 5 - 11).
5
Calculate -7 + -9 + 12 + 4.
0
3 + (17 + -14 - (1 - 0))
5
What is the value of -12 + (11 - (-1 + 3 - -6))?
-9
(-9 - (4 - 8) - -7) + -5
-3
What is the value of 4 + -1 + (-3 - -1)?
1
Calculate 0 - ((3 - (-4 - -5)) + -2).
0
Evaluate (-5 - (-5 - -15)) + 13.
-2
What is (-12 - (2 - 1 - 6)) + 3?
-4
Evaluate -4 - (-11 + 0 + 4).
3
-2 + -4 + 0 + 4
-2
0 - ((2 - 1) + -1) - -3
3
10 - ((-9 - -7) + 7)
5
What is the value of (-6 - -1) + (5 - -9 - 9)?
0
Evaluate 13 + (-17 - (-15 + 8)).
3
Calculate 0 + (13 - 3) + -9.
1
Calculate 6 + -1 + -4 - -1.
2
0 + -3 + 1 - (-7 - -4)
1
25 + 11 + -24 - 16
-4
Calculate -1 + 9 + (11 - 15).
4
What is -4 + 10 + 0 + 4 + -10?
0
What is -3 - (-3 + -2 + 7)?
-5
What is 0 + (-2 - (1 + -1)) + 6?
4
(1 - 5) + (5 - -4)
5
-1 + (4 - (9 - 7))
1
What is (66 - 51) + (0 - 11)?
4
Evaluate -4 - ((7 + -2 - 4) + 2).
-7
What is the value of -1 - (-6 + 9 + 2)?
-6
5 - (0 + 0 + 4 + 2)
-1
(-5 - (-6 + 1)) + -8 + 5
-3
4 - (-3 + (0 + 0 - -2))
5
What is (188 - 178) + (1 - 4)?
7
What is (-1 - 1 - -1) + (2 - -1)?
2
Calculate -3 - (-3 + 1 + (-3 - -7)).
-5
What is the value of -6 + 7 + (-3 - (-1 - -4))?
-5
Calculate -4 + -5 + 8 + -3.
-4
Evaluate -3 + -7 + (-8 + 31 - 2).
11
What is (7 - 3) + (-1 - -7 - 6)?
4
What is the value of -6 - ((4 - 1) + -8)?
-1
Evaluate (-5 - -1) + (11 - (21 + -13)).
-1
What is the value of -1 + 2 + (6 - -6) + -10?
3
What is 1 + (-3 - -5) + -2 + -1?
0
Calculate -8 + (-8 - -7) + 4.
-5
8 + -14 - (-4 + 2)
-4
Evaluate 3 + 5 + -14 + 1.
-5
Calculate 3 + -11 - (-3 + 2).
-7
Calculate -4 + -10 + (4 - -3).
-7
What is 7 - (-13 - -9) - 5?
6
What is 1 - (-2 + 3 + -2)?
2
What is the value of 13 - (-2 + (11 - 0))?
4
What is the value of 2 + (0 - -2) + -2?
2
Calculate 22 - 17 - (1 + 3 + 1).
0
What is the value of 3 - (-12 + 5 - -4) - 7?
-1
Evaluate -5 + 2 + 2 + 3 + -1.
1
What is the value of (2 - 1) + (-10 - -10)?
1
What is the value of 5 + (1 - 8) + 9?
7
Evaluate -1 - (3 + -3 + 2).
-3
What is the value of 15 - ((-2 - 3) + 8) - 6?
6
Calculate 1 - -4 - (-15 - (12 + -29)).
3
Evaluate -13 + (7 - (-4 + 5)).
-7
-7 - (5 - 9 - -2)
-5
What is -7 + 10 + -5 + 3?
1
What is the value of -9 + 7 + -2 + 12?
8
(-5 - (5 + -1 + -11)) + -9
-7
What is the value of -1 - -3 - (-9 - -10)?
1
Evaluate 1 - 1 - (1 - 7) - 4.
2
4 + 3 + 5 + -2
10
Evaluate -3 - (1 - (4 + -1) - 1).
0
Evaluate -1 - (8 + -6 - 8).
5
Calculate -1 + 1 + -1 + 4.
3
Calculate -1 - 2 - (181 + -179).
-5
2 + 6 + -11 + 1
-2
(3 + -4 - -2) + (0 - -1)
2
What is the value of 28 + -3 + -12 + (2 - 8)?
7
2 + -3 + 1 + -16 + 13
-3
Calculate -2 + -5 + 0 + 13.
6
What is the value of -1 - (-17 - (-2 + -6))?
8
1 + 4 - (-10 - (-34 - -11))
-8
Calculate 11 + -1 - ((6 - -7) + -7).
4
Evaluate (4 - -20) + -11 - (5 - -1).
7
What is the value of (-3 - -4 - 3) + (0 - 0)?
-2
3 + (-7 - (-2 - 4)) + -6
-4
Evaluate 1 + -14 - -5 - -4.
-4
Evaluate -4 - -10 - (3 - -3).
0
5 - (-3 - (3 + -7 + -3))
1
Calculate -11 + 13 + -3 + (1 - -1).
1
Calculate -5 + (-4 - (-11 - (-6 - -5))).
1
What is the value of (-44 - -48) + -2 + 0?
2
Evaluate 7 - (-7 + (5 - -2)).
7
(0 - (3 + -4)) + 0
1
What is -20 + 20 + (-1 - -4)?
3
Evaluate -17 + 21 - ((2 - 2) + 5).
-1
What is the value of -2 + 1 + (-27 - -25) + -4?
-7
What is (3 - 1) + -5 + 1?
-2
5 - 5 - (1 - -2)
-3
What is the value of -3 - (-1 + -2) - 2?
-2
What is the value of -4 + 5 + 0 + (-3 - -4)?
2
What is the value of 6 + (-8 - (10 - 4))?
-8
What is the value of 2 + -2 - (4 - (9 + -6))?
-1
What is -3 + -2 + 4 - (1 - 5)?
3
Evaluate -4 - (-9 - -5 - -3).
-3
Calculate (18 - 20) + (0 - -2).
0
Calculate (28 - 36) + 11 + 1.
4
Calculate -3 + (0 - -1) + 6.
4
What is -3 - (0 + (7 - 9)) - -7?
6
Evaluate 0 + 4 - (-9 - -5) - -1.
9
(0 - ((-5 - 1) + 5)) + -6
-5
Evaluate 1 + -2 + (12 - 16).
-5
Evaluate 3 + 0 - (3 + 0 - 4).
4
Evaluate -1 - (3 + -4 + 0 + 5).
-5
Evaluate (-13 - -19) + (0 - (-3 - -4)).
5
Evaluate -8 + 5 + -7 - -6.
-4
What is 0 + -4 + -3 + (1 - -15)?
9
6 - (0 + -3 - (10 + -13))
6
What is the value of -9 - (1 + 1 - 2) - -3?
-6
What is -1 + 6 + (13 - 13) + -9?
-4
Evaluate (3 - (2 + -2)) + (137 - 131).
9
-3 - (-5 - -9) - (4 - 4)
-7
What is the value of (5 - 0) + -12 + 1 + 10?
4
What is (0 - (3 - (0 + 1))) + 1?
-1
What is (2 - -7) + -3 + (-2 - 4)?
0
Evaluate -1 + 3 - (11 + -11) - -3.
5
What is 6 - -1 - (3 - -1)?
3
What is -1 + -8 + 18 + -12?
-3
Evaluate (10 - (3 + (9 - 6))) + 3.
7
Calculate -6 + 9 + 0 + -8.
-5
What is the value of 0 + 9 + -12 - (2 - 2)?
-3
What is (0 - -4 - -3) + (2 - 4)?
5
2 - (2 + 0 - (1 + 3))
4
Evaluate (3 + -10 - (2 - 2)) + 3.
-4
What is 8 - (10 + -2 - 1)?
1
-2 - (-4 + 0 + (5 - 5))
2
What is the value of -7 - (-4 - 0) - (1 + -2)?
-2
What is 5 + (-1 - -4 - (-2 - -5))?
5
Calculate -4 - -4 - (3 - -2).
-5
Calculate -2 + 0 + 7 + -5.
0
Evaluate -2 + (1 - (-3 + 6)).
-4
Calculate -6 + (-6 - -4 - -11).
3
What is the value of (7 - 5) + -8 - 0?
-6
What is the value of 0 + -4 + -9 + 17 - 1?
3
Calculate 1 + 2 - (0 + 4).
-1
What is the value of (6 - (4 - (3 + 4))) + -9?
0
What is 6 + -2 + -4 + 5 + -3?
2
What is the value of 3 + 5 + -3 + -6 + -4?
-5
(-2 - -1) + 0 - (11 - 14)
2
Calculate -15 - -16 - (2 + -6 + 1).
4
Evaluate (-8 - -10) + -6 + 0.
-4
Calculate -2 + -1 - (14 + -6 - 13).
2
Calculate (-5 - -8) + (0 - 1).
2
What is the value of 8 + 3 + (-8 - 0)?
3
Evaluate 4 - ((-5 - (-8 + 1)) + -2).
4
Calculate 1 + (-2 - 5) + 4.
-2
What is the value of (8 - 5 - -2) + -4?
1
Calculate (-8 - 1) + -2 - -11.
0
Calculate 1 + (-7 - (4 + 1 - 3)).
-8
Evaluate 11 - 6 - -3 - (0 + 5).
3
What is -5 + -5 + 2 + 3?
-5
What is the value of 9 - 10 - ((1 - 0) + 2)?
-4
7 + (-2 - (2 - 2))
5
Evaluate -3 + (-6 - -16) + 3 + -5.
5
Calculate -16 + -11 + 19 + 4.
-4
Evaluate 2 + (-1 - ((-1 - -4) + 1)).
-3
What is -1 + 0 + (-5 - -12 - 6)?
0
Evaluate (-6 - 0) + 6 + 2 + -7.
-5
What is the value of 4 + -2 + -3 - -4 - 0?
3